2 - 2. Let o be n(-6). Let r = o + 264. What is the remainder when r is divided by 17?
16
Let l(s) = s**3 + 17*s**2 + 5. Let u be l(-17). Suppose -u*d = -3*d - 8. Let m(h) = h**3 - 3*h**2 + 6*h - 2. Calculate the remainder when m(d) is divided by 13.
12
Suppose -52 - 158 = -10*b. Calculate the remainder when 64 is divided by b.
1
Let u = -101 + 105. What is the remainder when 13 is divided by u?
1
Suppose -5*s + 3*y = -1980, -4*s + 541 = -5*y - 1056. Calculate the remainder when s is divided by 18.
15
Let n be (-5)/((-15)/108) + 0. Suppose n = 2*f - 0. Calculate the remainder when 70 is divided by f.
16
Let v(n) = 49*n + 3429. What is the remainder when v(-68) is divided by 2/(-1*(-4)/50)?
22
Suppose -d + 89 = 2. What is the remainder when d is divided by (-26)/(-2)*1 + (79 - 74)?
15
Let w(r) = r**2 + 8*r + 9. Let b be w(-5). What is the remainder when 83 is divided by 1197/49 - b/(-14)?
11
Let f = 337 + -259. What is the remainder when f is divided by 21?
15
Suppose 0 = -5*a + 5*j - 9*j + 74, 16 = a + 2*j. Suppose 3*b - 3*v - 14 = -4*v, 3*b - 4*v = -11. Calculate the remainder when a is divided by b.
2
Let f be (-44)/(-10) + (-4)/10. Suppose -5*i - 4*d + 18 = -5, 0 = -4*i - f*d + 20. Let k = -150 - -155. What is the remainder when k is divided by i?
2
Let t(r) = 18*r - 20. Let v be t(4). Let s = -28 + v. What is the remainder when 94 is divided by s?
22
Suppose 5*j - 3*v = 1120, 2*v = 4*j - 803 - 93. Calculate the remainder when j is divided by 46.
40
Let l(r) = -r**2 + 4*r + 2. Let p be l(6). Let a = 34 + p. What is the remainder when (-2)/(-4) + 15*(-296)/(-48) is divided by a?
21
Suppose -d - 5*a + 46 = 0, 16*a - 19*a = 4*d - 252. What is the remainder when 654 is divided by d?
60
What is the remainder when 62 is divided by (-660)/(-24) + 6/4?
4
Let p(w) = 32*w**2 - w + 1. Calculate the remainder when p(1) is divided by (5/50)/((-18)/(-3060)).
15
Suppose -3*z + 1026 = 15*z. What is the remainder when z is divided by 16?
9
Let f = -14 - -13. What is the remainder when 96 is divided by (f + -10)*(1 - 2)?
8
Let w = 21 + -20. Suppose -3*y = -50 - w. Suppose c + 0 = k - y, -96 = -4*k - 3*c. What is the remainder when k is divided by 13?
8
Let t be (-4 - -3)/3*-3. Suppose 3*u - j = t, 2*u + 2*j - 1 - 13 = 0. Suppose 2*c - 96 = -u*c. What is the remainder when c is divided by 13?
11
Let c(h) = h**2 - 45*h + 262. Calculate the remainder when 90 is divided by c(6).
6
Suppose -2*c + 72 = 4*y, 7*c - 40 = 6*c - 3*y. Calculate the remainder when 304 is divided by c.
24
Suppose 6 + 43 = 7*t. Let p(k) = -k + 6. Let r be p(4). Calculate the remainder when 27 is divided by r*2*t/4.
6
Suppose -3*s = -4*k - 180, -3*s - k + 277 = 2*s. What is the remainder when s is divided by 41?
15
Suppose 0*n + 2*n - 8 = 0, 0 = -3*v - 5*n + 62. What is the remainder when 68 is divided by v?
12
Let o = 1 - 7. What is the remainder when 16 is divided by o/21 - (-260)/28?
7
Let p(h) = 14*h**2 + 2*h - 3. Let a be p(1). Let n = 26 + a. What is the remainder when n is divided by 11?
6
Suppose -5*d - 3*a + a + 170 = 0, 5*d = 5*a + 135. Let t = -35 - 3. Let i = -27 - t. What is the remainder when d is divided by i?
10
Let l(s) = 5*s**2 + 6*s - 12. What is the remainder when 127 is divided by l(2)?
7
What is the remainder when 52 is divided by ((-22)/12)/((-19)/114)?
8
Suppose 4*y - 404 = 160. Calculate the remainder when y is divided by (-16)/(-6)*(-243)/(-18).
33
Let i = -1003 + 1016. Let j = -4 + 40. Calculate the remainder when j is divided by i.
10
Calculate the remainder when 52 is divided by (-10)/(-35) - (-103)/7.
7
Suppose -2*y + 3*m = -1, 5*y - 2*y - m + 9 = 0. Let t(l) = l - 9. Let f be t(y). Let h = f - -30. What is the remainder when 31 is divided by h?
14
Let p(u) = 19*u + 6. Let g = -39 - -41. Calculate the remainder when p(g) is divided by 15.
14
Calculate the remainder when 207 is divided by -6 - (-26 + -3 + 10).
12
Suppose 0 = 2086*b - 2101*b + 570. What is the remainder when 341 is divided by b?
37
Suppose 15*x - 21768 = -9*x. What is the remainder when x is divided by 14?
11
Suppose -2*r - r = 4*b - 13, 2*b + 5*r + 11 = 0. Calculate the remainder when 99 is divided by (-21)/49 + (-4)/b + 26.
24
Suppose 0 = 2*b - 24 + 14. Suppose -b*i = -54 - 21. Calculate the remainder when 132 is divided by i.
12
Suppose -98 = -n - 13*n. Calculate the remainder when n is divided by 2.
1
Suppose 7*w - 10*w + 45 = 0. Let v = 2 - 3. What is the remainder when w is divided by (v/(-3))/((-4)/(-108))?
6
Let q = -178 + 6. Let o = q + 257. Calculate the remainder when o is divided by 22.
19
Let c(i) = i**2 - 22*i + 119. What is the remainder when c(7) is divided by 2?
0
Let s = 13 + 259. What is the remainder when s is divided by 46?
42
Let f = 99 + -106. Let k(o) = -22*o - 7. What is the remainder when k(f) is divided by 37?
36
Suppose 1512 = 15*x + 27*x. Let s(h) = -4*h - 7. What is the remainder when x is divided by s(-5)?
10
Calculate the remainder when 174 is divided by 60/12 + -3 + 14.
14
Let c be -2 + 0 - 3/3. Calculate the remainder when 237*(2/(-6))/(-1) is divided by -2 + 12/((-3)/c).
9
Let v(l) = l**2 - 6*l - 3. Let c be v(7). Suppose 5*a - 6*a - 4 = 0, -h - 4*a - 11 = 0. Calculate the remainder when h is divided by 2*(-2)/c + 3.
1
Let r(t) = t**2 - t - 2. Let k be r(0). Let y(i) = i**3 - 5*i**2 - 3*i - 5. Calculate the remainder when (30/9)/(k/(-15)) is divided by y(6).
12
Let t be 27/3 + 2/1. Let c(b) = -5*b - 10. Let l(o) = -9*o - 19. Let g(n) = t*c(n) - 6*l(n). Calculate the remainder when 33 is divided by g(-5).
6
Let h = -229 - -366. Suppose -45*m + 722 + 1393 = 0. Calculate the remainder when h is divided by m.
43
Suppose 0*t - 4*t - 5*y = 41, 0 = 2*y + 10. Calculate the remainder when ((-60)/18)/(t/42) is divided by 6/(-4)*76/(-6).
16
What is the remainder when 157 is divided by (-55)/(-22)*(-162)/(-15)?
22
Let i(c) = -50*c - 5. Calculate the remainder when 584 is divided by i(-1).
44
Suppose 0 = -4*p + 31 + 1. Suppose 21*u - 65 = p*u. What is the remainder when u is divided by 5?
0
Let p(k) = -k**3 + 7*k**2. Let a be p(7). Suppose a = -3*g + 9, g - 59 + 217 = b. What is the remainder when b is divided by 41?
38
Suppose 0 = 2*u - 4*f + 3*f - 27, 5*u + 2*f = 54. Calculate the remainder when u is divided by 8.
4
Suppose -64 = -t - 43. What is the remainder when 103 is divided by t?
19
Let t be -5 - 3 - (-1 + (0 - 0)). Let o(f) = -f**3 - 6*f**2 + 5*f - 11. Suppose 0 = -5*j + 17 + 13. Calculate the remainder when j is divided by o(t).
0
Let i(v) = 50*v - 1. Suppose y - 15 + 4 = 0. Suppose -l + 5*l = 4*c + 56, l - y = -2*c. Calculate the remainder when i(1) is divided by l.
10
Suppose 91 = 8*r - 101. What is the remainder when 69 is divided by r?
21
Suppose a - 4*i - 272 = -a, -417 = -3*a + 3*i. Let r = a + -123. Calculate the remainder when 54 is divided by r.
16
Suppose -43*u = -37*u - 252. What is the remainder when u is divided by 16?
10
Suppose 0 = -39*i + 1294 + 578. What is the remainder when i is divided by 17?
14
What is the remainder when (-2 + -2)*(-7 - (-25)/(-10)) is divided by 2?
0
Let a = -222 + 230. Calculate the remainder when 19 is divided by a.
3
Let t(w) = 6*w - 1. Let d be t(12). Let o = 10 + d. Calculate the remainder when o is divided by 12.
9
Let q(r) = -3*r**3 - 3*r**2 - r. Suppose -5*n + 7*n = -6. Calculate the remainder when q(n) is divided by 15.
12
Suppose -11*h = -14*h - 5*b + 37, -h + 10 = 4*b. Calculate the remainder when 81 is divided by h.
11
Let w(l) = 2*l**3 + 3*l - 5*l**3 - 1 + 4*l**3. Let r = -181 + 204. What is the remainder when r is divided by w(2)?
10
Suppose -25*x + x + 7584 = 0. What is the remainder when x is divided by 27?
19
Let d(v) = -v**2 + 6*v - 15. Let j be d(6). Let s(p) = p**3 + 16*p**2 + 10*p + 6. Calculate the remainder when s(j) is divided by 12.
9
Let y(f) = 3 - 144*f**3 - 7 - 4*f**2 + 146*f**3. Suppose 4*q - 2 = 10. What is the remainder when y(q) is divided by 4?
2
Let k = 3 + 2. Let u be 13/k + (-6)/10. Suppose -c = -3 - u, 5*r - 55 = c. Calculate the remainder when 45 is divided by r.
9
Let g = 150 + -154. Suppose 4*x + f = -4*f - 16, f + 6 = 2*x. What is the remainder when 11 is divided by g*x + (10 - 4)?
1
What is the remainder when 141 is divided by (-87)/(1/3*-9)?
25
Let k(q) = -q**3 + 11*q + 29. Calcu